t x(u) = 5*u**3 + 7*u**2 + 5*u - 1. Is x(p) composite?
False
Let u be (15 + -6)*1/3. Suppose y = -p + 38 + 1212, 0 = u*p + 2*y - 3753. Is p a composite number?
True
Is (-32)/(-64) - 4/(8/(-3945)) composite?
False
Suppose -6*t = 3 - 15. Suppose -w = -2*w + 4, t*x - w = 294. Is x a composite number?
False
Suppose 0 = 2*o + 234 + 5332. Let h = -1722 - o. Is h a composite number?
False
Let w(t) = 11*t**2 - 6*t - 12. Suppose 4*f - n - 2*n + 27 = 0, -6 = f - n. Is w(f) composite?
True
Suppose -5*s - 800 = -3*r + 744, s = 2*r - 1020. Suppose -8*a + 1876 = -r. Is a a composite number?
True
Let o = 853 - 511. Suppose 2*z + 236 = 3*l - 299, o = 2*l - 5*z. Is l prime?
True
Suppose 47*v = 53*v. Is (-1 - 4569)/(-2 + v) a composite number?
True
Is 10 - 12 - (-9154 + 1) composite?
False
Let x(i) be the third derivative of i**5/60 + i**4/12 - 11*i**3/6 - 4*i**2. Let p be x(0). Let o = p - -117. Is o a prime number?
False
Suppose 3*g - 2*g = 3. Suppose 2*k - g*f - 352 = 0, -3*f + 543 = 3*k - 0*k. Suppose -5*l + 4*x + 100 = -k, -4*l + 4*x = -224. Is l prime?
False
Suppose 2*p = -0*p - 1060. Let s = -914 - p. Let u = -91 - s. Is u a composite number?
False
Suppose 0*o = -2*o - 2*z + 22, 0 = -3*o - 4*z + 38. Suppose 2*n - 1861 = -5*r, -2*n + 4*n = o. Is r composite?
True
Is 803110/18 - (24/(-54))/(-2) a prime number?
True
Suppose -a = 4, 3*b + 5*a + 39149 = 6*b. Is b prime?
True
Suppose -2*t + 78743 = -5*b, -3*b = 17 - 2. Is t prime?
True
Suppose 2*t + 3*f + 0 - 6 = 0, 0 = -t - f + 2. Let s be t/(-6) - (-5 - 1). Suppose -3*a - 186 = -s*a. Is a composite?
True
Is -1*62*(-101)/2 a prime number?
False
Suppose x + 6 - 12 = 0. Is -2 + (x - 4) + 2473 composite?
False
Let f(d) = 1144*d - 3. Let t be f(1). Is t*(-1)/(28/(-8)) a composite number?
True
Suppose 0 = -0*l + 3*l - 2*o - 14509, 2*l = -5*o + 9679. Is l composite?
True
Let q(h) = -3*h - 9. Let b be q(-3). Suppose 0 = -b*w + w - 2*s - 351, 0 = -3*s + 15. Is w a prime number?
False
Let d be 15/75 - (-3308)/10. Let p = 154 + d. Is p a prime number?
False
Let c = 6 + 10. Let x(d) = -d**3 + 20*d**2 - 15*d + 23. Is x(c) a prime number?
False
Let a(o) be the first derivative of -o**3/3 + o**2/2 + 503*o + 2. Suppose -w = 5*l - 5, -2*w + 2*l = -0*l + 2. Is a(w) a prime number?
True
Let u = -28 + 17. Let h(f) = -34*f + 35. Is h(u) a composite number?
False
Is 1766990*3/(28 - -2) composite?
False
Suppose 13 = 3*o + 34. Let l = o - -10. Suppose 16 + 5 = l*h. Is h composite?
False
Suppose 3632 = 10*x - 2498. Is x prime?
True
Let i(r) = 179*r - 7. Let v be i(-3). Let o = 1127 - v. Is o a prime number?
False
Let k(u) = -u**2 - 2*u + 1009. Is k(0) prime?
True
Let n(d) = 450*d**2 - 2*d - 1. Let r be 22/(-26) - (-8)/(-52). Is n(r) a prime number?
False
Is (102444/8)/3 + (-1)/(-2) a composite number?
True
Let d = -79 + -45. Let n be -11*(-10)/(-4)*2. Let z = n - d. Is z composite?
True
Suppose 8*a = 12*a + 268. Let z(j) = -j - 46. Let l be z(0). Let y = l - a. Is y a composite number?
True
Let w be (-3)/(-9)*372/2. Let x = -2 + 15. Let q = w - x. Is q a prime number?
False
Let a(b) = -8*b - 18. Let t be a(4). Let u(k) = 117*k. Let p be u(1). Let r = p + t. Is r composite?
False
Let t be 2/11 - (-527)/187. Suppose 0 = t*f + f - 332. Is f prime?
True
Is 8795/15 - (-2)/3 a composite number?
False
Let f(t) = 66*t - 1. Suppose -q - 3*l = -18, 7*q - 2*l - 16 = 3*q. Is f(q) prime?
False
Let u(z) = z**3 + 10*z**2 - 3*z - 1. Let s(k) = k**2 + 3*k - 1. Let m be s(-8). Let t = 32 - m. Is u(t) composite?
False
Let l(z) = -z**2 - 6*z - 4. Let j be l(-4). Suppose -2*a - m = m - 4306, 8600 = j*a + m. Is a composite?
True
Suppose 0 = -21*p - 3*p + 313080. Is p composite?
True
Let b(p) = p**2 + 15*p + 16. Let f(k) = -k**2 - 6*k - 7. Let h be f(-7). Let y be b(h). Suppose y*s + 88 - 1194 = 0. Is s prime?
False
Let z = 1 + -3. Is -1 - 47*(z - -1) composite?
True
Let w = -569 - -329. Let y = 571 + w. Is y composite?
False
Suppose 3*u + 0*a + 50 = -a, -u + 5 = -4*a. Is (-2)/6 + (-5300)/u a prime number?
True
Let y = 843 + 333. Let c be y/(-18)*9/(-6). Suppose 5*t + c = 5*k + 1573, t - 301 = 4*k. Is t prime?
True
Let y(c) = c - 1. Let g(t) = 21*t - 1. Let q(p) = -g(p) + 6*y(p). Suppose 7*b + 20 = 2*b. Is q(b) a composite number?
True
Suppose 12*z - 37818 = -6*z. Is z prime?
False
Let m = -1 - -3. Suppose -m*k + 3*k - 5*d - 39 = 0, -5*k - 4*d + 166 = 0. Is k prime?
False
Let i be 2 + (-3 - 0)*13. Suppose -p - 7*w + 18 = -2*w, 3 = -2*p + 3*w. Is i*(1 - 2)*p a prime number?
False
Suppose -540*r - 485058 = -546*r. Is r prime?
False
Let c be -3 - (-2)/(6/9). Let r be 87/(-2)*(c - -12). Is (r/36)/(2/(-92)) a prime number?
False
Is ((-80)/(-24))/(-5)*1902/(-4) a prime number?
True
Is (-2)/8 + 21651156/144 composite?
True
Let k be 3 - 0 - (-4 - -1). Suppose -155 = -k*p + p. Suppose 2*y - p = -3. Is y composite?
True
Let r = 8112 + -2946. Suppose -r = -5*g + 1879. Is g composite?
False
Suppose 0 = -37*t - 18*t + 141955. Is t composite?
True
Let b(i) = 129*i**2 - i + 1. Suppose -2*v + 4*w - 22 = 0, -v + 5*w = -5*v + 21. Let y = 0 + v. Is b(y) composite?
False
Let u = 1098 - -379. Is u a composite number?
True
Suppose -6*j - 20199 = -9*j. Is j prime?
True
Suppose -14 = -7*r + 28. Suppose -j + 10577 = r*j. Is j a composite number?
False
Suppose -26*o + 116465 + 25157 = 0. Is o a prime number?
False
Suppose 3*y = 31 - 16. Let r(u) = 16*u - 3. Is r(y) prime?
False
Suppose -q - 2*q - 9 = 5*r, 12 = -4*q - 5*r. Let m be q/(-2)*10402/21. Let k = m + -496. Is k a composite number?
True
Let x be (3 + 0 + -4)*3/1. Is x - (-742 + -3 + (-15)/(-3)) a composite number?
True
Let x be -1*(0/1 - 1). Suppose -5*y - 16 = -x. Is (1 - (-1 - y))*-83 a prime number?
True
Let b = -1525 + 3248. Let h = -996 + b. Is h a prime number?
True
Suppose 0 = -3*r - 2*r - 2*v + 15, 5*r + 4*v = 15. Suppose 724 + 2441 = r*j. Suppose -19*b + j = -14*b. Is b a prime number?
True
Suppose 4*w + 14 - 90 = 0. Let g(n) = -n**3 + 18*n**2 + 19*n + 7. Let i be g(w). Suppose 8*l = i*l + 203. Is l a prime number?
False
Suppose -m + 3*m = 758. Let a(y) = -y + 5*y - 2*y + m - y. Is a(0) composite?
False
Suppose 55*s = 9*s + 1079114. Is s a prime number?
True
Suppose 4*f = -3*d + 28, -2*d - 5*f + 8 = -5*d. Let g(j) = 35*j**2 + 2*j - 11. Is g(d) prime?
True
Let i(u) = 378*u**3 + 2*u**2 - 1. Let t = 22 - 21. Is i(t) prime?
True
Let c be (-2)/5*(7 + 3). Let x be 162/21 - c/14. Let a(l) = 11*l - 3. Is a(x) prime?
False
Suppose 5*n + 3*g = 11 + 18, 3*g + 3 = 3*n. Suppose 0 = -0*y + n*y. Suppose 0 = j + c + 3*c - 171, y = j - 2*c - 147. Is j composite?
True
Let t = 390 + -389. Let m(y) = -y**3. Let w be m(1). Is 77 + (w - (-4 + t)) composite?
False
Let r(z) = 3*z**2 - 6*z. Let w be r(2). Suppose w = 5*k + 3*h - 8653, -h - 1721 = -k - 4*h. Is k composite?
False
Let m(u) = -u**2 + 29*u - 15. Is m(25) composite?
True
Suppose -31*q - 13*q + 977020 = 0. Is q composite?
True
Let w(g) = -g**3 + 4*g**2 + 4. Let b be w(4). Let n be 1/(b/3560*-2). Let d = n - -752. Is d a composite number?
False
Let s = 3384 + -1903. Is s a prime number?
True
Let y = 2 + -2. Suppose y*p + 1464 = p. Let n = -721 + p. Is n a composite number?
False
Let o(t) = -t**2 - 7*t - 7. Let i be o(-5). Is (2/i)/(4/3522) prime?
True
Suppose -7*r + 10*r = 237. Let q = r - 135. Let w = q - -79. Is w prime?
True
Let c(d) = -69*d + 2. Let u(j) = 2*j - 37. Let a be u(18). Is c(a) a composite number?
False
Suppose 5*n - 27 = k - 11, -36 = -5*k - 4*n. Suppose v + 4*s + 10 = -0*v, -2*v - k*s - 8 = 0. Suppose -v*w + 0*w + 110 = 0. Is w a composite number?
True
Suppose 5*g = 3*g - 4*z - 10, 2*g + 6 = -3*z. Suppose 0 = -g*b - 12, -2*w + b + 44 = 198. Let v = w - -168. Is v composite?
False
Let i be (0 - 3)*(-2)/2. Let u(r) = -r**i - 2*r - 4 + 6 - 2*r**2 - 4*r**3 + 2. Is u(-3) composite?
False
Let u(z) = 41*z + 19. Let w(x) = -x. Let k(v) = u(v) - 4*w(v). Is k(20) composite?
False
Let d = 7 + -7. Let f be 50 - (-2 + d/(-4)). Suppose 6 = 3*s, -1427 = -3*u - 3*s + f. Is u a prime number?
True
Suppose 3*p = -4*s + 4 + 4, 0 = -4*s - 4*p + 4. Suppose 2*b - 3178 = -s*x + b, 2*b - 3181 = -5*x. Is x a composite number?
True
Suppose 3*s - 6*s = 0. Suppose 2*b - 149 - 453 = s. Let v = b + -192. Is v a composite number?
False
Is ((-388)/(-12))/((-10)/(-30)) a composite number?
F